 = -2*y + 4. Let w(z) = -5*z - 3. What is the units digit of w(y)?
7
What is the units digit of 1 + 2 - (-48)/2?
7
Let p = -26 - -55. What is the tens digit of p?
2
Suppose -y = -2*s - 307, -3*y + 1523 = 2*y - 4*s. What is the tens digit of y?
0
Suppose 2*n = 3*f - 6, -5*f = -10*f - 4*n - 12. Suppose f = 4*v - 16 - 76. What is the units digit of v?
3
Suppose 0 = 4*q - 2*q - 2. Let k be q/(-2) - (-15)/2. Let l = k + -3. What is the units digit of l?
4
Let w(c) = -4*c + 8. What is the tens digit of w(-5)?
2
Let t(g) = 57*g - 9. What is the tens digit of t(3)?
6
Let n = -2 + 15. Suppose -4*i + 0*j - n = 3*j, i + 2*j = -7. What is the units digit of 5 - ((i - 0) + 1)?
5
Let w(s) = 3*s**3 + 3*s**2. Let i be w(-2). What is the tens digit of 12*(-16)/i - 1?
1
Let b(d) = d**2 - 10*d + 3. What is the hundreds digit of b(-8)?
1
Let n(s) = 4*s**2 - 3*s - 17. What is the units digit of n(5)?
8
What is the tens digit of 46/(5*2/5)?
2
Suppose -1 = -2*w + 3. Let r be 5/10 + 3/w. Suppose 2*m - 11 = -3*h, r*h + 5 = 3*m - 5. What is the units digit of h?
1
Let o(g) = -7*g - 19. What is the units digit of o(-13)?
2
Let u = 11 - 7. Let k be 2/1 + (u - 8). What is the units digit of (2/4*k)/(-1)?
1
Let l(f) = -27*f. Let b be l(-2). Let i = b + -25. What is the tens digit of i?
2
Let j = 35 + -5. Suppose j = -4*n + n. Let b = n - -16. What is the units digit of b?
6
Suppose 3*i - 70 = i. Suppose i = 7*o - 2*o. What is the units digit of o?
7
Let q = -17 - -12. Let g = q - -7. Suppose -g*o + 24 = o. What is the units digit of o?
8
Suppose 5 = -f + 7. What is the units digit of f/12 - 245/(-6)?
1
Let i(s) = -s + 9. Let a be i(5). What is the units digit of (0 - -2)/(a + -2)?
1
Let k = 350 - 96. What is the hundreds digit of k?
2
Suppose -5*t = -2 - 8. Suppose -d = -t*d + 10. What is the units digit of d?
0
Suppose -71 - 439 = -6*v. What is the tens digit of v?
8
Suppose -89 + 363 = z. What is the units digit of z?
4
Let n(s) = -16*s. Let d be n(-1). Let u = d - 0. What is the units digit of u?
6
Suppose -2*k - z = -5*k + 10, -5*z = 4*k - 45. Suppose 0*i = -u - 2*i - 21, 2*u = k*i - 42. What is the units digit of u/(-3) + -2 + -2?
3
Let h be 47 + (-12)/(2 + 2). What is the tens digit of 1180/h + 6/33?
2
Suppose -4*f - 4*o + 28 = 4, 0 = -4*f + 2*o + 18. Suppose 1 = f*j - 24. Suppose -2*z - 3*z = -j. What is the units digit of z?
1
Suppose 4*k - 3*h - 372 = -13, h = k - 89. What is the tens digit of k?
9
Suppose -h + g = -0*g - 1, -5*h + 33 = 2*g. Suppose -h*s = -0*s - 55. What is the tens digit of s?
1
Let b be (-2)/2 + (16 - 0). Let g = b - 10. What is the units digit of g?
5
Let w(x) = -3*x + 6. Let s(f) = -f + 3. Let q(t) = 5*s(t) - 2*w(t). What is the units digit of q(0)?
3
Let z(j) = -2*j**3 - j**2 - j - 1. Let y be z(-1). Suppose 5*l - y = 4. What is the units digit of (-4 + 3)*-5*l?
5
Suppose -r = 95 - 106. What is the units digit of r?
1
Let a(l) = 1 - 4 + 1 - 2*l. What is the units digit of a(-4)?
6
Suppose 0 = 2*n + 5*s - 57, -n - s + 3 + 18 = 0. Suppose -3*f = -5*f + n. What is the units digit of f?
8
Let z = -1 + -3. Suppose -4*c = -2*h + 4 + 6, c - 5 = -h. Let o = h + z. What is the units digit of o?
1
Let l = 11 + -8. Suppose -l*m = -3*j - 33, -3*m + 81 = 2*j + 33. What is the tens digit of m?
1
Let w = -64 + 302. What is the hundreds digit of w?
2
Let v = -2 - -5. Let p = v - 3. Let m = 6 + p. What is the units digit of m?
6
Let h(y) = -2*y - 9. Let a be h(-8). Suppose o - a = -z + 2*o, 3*o + 25 = 4*z. What is the units digit of z?
4
Let z be (-5)/2*(-16)/10. Suppose z*s = 4*o, -5*s = 3*o + o - 9. What is the units digit of s?
1
Let s(r) = -12*r - 7. What is the tens digit of s(-5)?
5
Let x(u) = u**3 - 5*u**2 - 3*u - 4. What is the units digit of x(7)?
3
Let c be ((-12)/15)/((-3)/(-15)). Let x = 7 + c. Suppose -x*z + 3 = 5*n - 2*n, z + 5*n = -11. What is the units digit of z?
4
Let p(f) = -5*f**3 - 10 + 0*f + 5*f + 4*f**3 - 7*f**2. Let l be p(-8). What is the units digit of 37/7 + (-4)/l?
5
Suppose -2*p = 0, 0*w - 3*w - 3*p = -6. Suppose -3*k + 3*t = w*k - 62, 0 = -2*k - 2*t + 28. What is the units digit of k?
3
Suppose -v + 32 = 3*v. What is the units digit of v?
8
Suppose -2*q + 2 = o + 3*q, 2*o + 5*q = -6. Let z(g) = g**2 + 8*g + 12. What is the units digit of z(o)?
2
Let v(s) = 18*s + 7. What is the tens digit of v(4)?
7
Let c(d) = 40*d + 3. Let g(f) = 20*f + 2. Suppose 0 = 2*t + u + 7, 0 = 2*t + t + u + 12. Let z(o) = t*g(o) + 3*c(o). What is the units digit of z(1)?
9
Let g be (-1 + 0)/(5/15). Let r be (-1)/(g/9) - -2. Suppose -r*h = -5 - 15. What is the units digit of h?
4
Suppose 2*j = -0*j + 4*q + 40, -4*j - 5*q + 15 = 0. What is the tens digit of j?
1
Let k(v) = v**2 - 10*v. Let w be k(11). Let p(s) = -s**3 + 12*s**2 - 11*s + 3. What is the units digit of p(w)?
3
Suppose 3*y - 48 = -4*f, 4*y + 0 - 12 = -f. Let x(o) = -f*o - 3*o**2 - 7 + o**3 + 0*o**3 + 12*o**2. What is the tens digit of x(-10)?
1
Let f(n) be the second derivative of -n**5/20 + 7*n**4/12 + n**3/2 + n**2/2 + 6*n. What is the units digit of f(7)?
2
Suppose 2*y + 5*n - 1 + 13 = 0, -4*y - 4*n = 48. What is the units digit of ((-1)/1)/(2/y)?
8
Let w(o) = -o**3 - 6*o**2 - 9*o - 15. What is the units digit of w(-5)?
5
Suppose -155 = -4*w - x, -4*w - 2*x + 175 = -5*x. What is the tens digit of w?
4
Suppose -3*q + 4*y - 152 + 0 = 0, -10 = -5*y. Let w be (0 - -1)/((-4)/q). Suppose 0*x - x = -w. What is the tens digit of x?
1
Let k(l) = 24*l + 10. What is the tens digit of k(3)?
8
Suppose 0 = -5*u + 3*u + 56. Let a = u + -17. What is the units digit of a?
1
Let k be (-14)/(-8) - (-1)/4. Suppose k*s - 2*l + 5*l + 23 = 0, 5*l = -s - 15. What is the units digit of 6/s - (-112)/20?
5
Suppose -i - 2*i - 1270 = -4*t, -t + 320 = -2*i. What is the hundreds digit of t?
3
What is the units digit of (0 - -121) + (4 - 2)?
3
Let r(p) = 7*p**2 - 5*p - 6. What is the units digit of r(-3)?
2
Suppose 4*s + 4*h = 3*h + 707, 4*h = 5*s - 910. What is the tens digit of s?
7
Let a = -96 - -141. What is the units digit of 395/a - 4/(-18)?
9
Let j = 5 - 6. Let y = 3 + j. Suppose y*l - 12 = -0*l. What is the units digit of l?
6
Suppose -t + 3*t - 14 = 0. Suppose t = 5*s + 4*z, 3*s - 2 = -2*z + 3. What is the units digit of s?
3
Let m = 19 - 2. What is the tens digit of m?
1
Let m = 4 + 6. What is the units digit of m?
0
Let v be 16/2*5/10. Suppose -v*w + 74 + 10 = 0. What is the tens digit of w?
2
Suppose -3*l + 2*x = -17, -l - 5*x - 5 = -3*x. Suppose -l + 0 = -3*h. What is the units digit of h?
1
Suppose 0 = -3*g - p + 1, -2 = 2*g + 2*p - 0. What is the units digit of (g + 0)*0 - -1?
1
Suppose 10 = 2*q + 3*q. Let k(u) = u**3 + 8 - 6*u**q - 1 + 6*u + 0. What is the units digit of k(5)?
2
Let l(r) = r**2 - 6*r + 4. Let q be l(6). What is the units digit of (-20 - -10)*(-6)/q?
5
Suppose -5*u = 25, 0 = -5*l + 2*u + 19 + 106. What is the units digit of l?
3
Suppose -2*l + n - 15 = 0, -3*l + 6*l + 33 = 5*n. Let b = l - -10. What is the units digit of 6/(-4) - (-18)/b?
3
Suppose -2 = 4*v - 350. What is the tens digit of v?
8
Let g = -47 + 27. What is the tens digit of 16/g*(-110)/4?
2
Let x(m) = -m**3 - 8*m**2 - m - 12. What is the units digit of x(-9)?
8
Let t(i) = -i**2 + 4*i + 2. Let r be t(4). Let k(s) = -s**2 - 4*s + 0*s**r + 1 + 1. What is the units digit of k(-4)?
2
Let a(o) = -2*o + 3. What is the tens digit of a(-5)?
1
Let k(v) = 5*v**2 + 5*v - 11. Let g(l) = l**2 - 1. Let a(b) = 6*g(b) - k(b). What is the units digit of a(4)?
1
Let u(b) = 2*b**3 - 3*b**2. Let a be u(2). Suppose a*x = 17 + 7. Let k(c) = c - 3. What is the units digit of k(x)?
3
Let y = -10 + 20. Let v be 14/y - 2/5. Suppose 3 - v = u. What is the units digit of u?
2
Let i be -1 - 1/(2/(-6)). Let h = 6 - 3. What is the units digit of (-6*(-2)/h)/i?
2
Suppose 3 = f, -4*m - f - 3*f + 56 = 0. Suppose -m = -3*t + 10. What is the units digit of t?
7
Suppose -2*q = -6*q + 244. What is the tens digit of q?
6
What is the tens digit of ((-1)/(-2))/((-12)/(-3408))?
4
Let h(n) = -4*n + 8*n - n - 7. What is the units digit of h(7)?
4
Let g(x) = 13*x + 3. Let q(i) = -i. Let y(z) = -g(z) - 3*q(z). What is the units digit of y(-3)?
7
Suppose -a + 4*a = 102. What is the tens digit of a?
3
What is the units digit of 100/6*(-3)/(-2)?
5
Let j = -16 - -23. Sup